he highest common factor of 18 and h.
18
Let p(k) = k. Let f be p(0). Suppose f*w + 216 = 4*w. Calculate the highest common factor of w and 6.
6
Let c(g) = 2*g**2 - 14*g - 11. Let y be c(8). Calculate the greatest common divisor of y and 45.
5
Let v be ((-3)/(-9))/((-1)/(-27)). Let o = 135 - -117. Suppose s = -3*s + o. What is the highest common divisor of v and s?
9
Let f = 105 + -96. What is the greatest common divisor of 9 and f?
9
Let c(k) = 5*k**2 + 2*k - 6. Let r(z) = 4*z**2 + z - 6. Let n(j) = 5*c(j) - 6*r(j). Let w be n(-5). What is the highest common divisor of w and 55?
11
Let q(j) = -j**2 + 2*j + 27. Let k be q(-3). Let s = 11 - -13. What is the greatest common divisor of k and s?
12
Suppose 4*f - 53 = 5*v + 67, 121 = 3*f + 4*v. Calculate the greatest common divisor of f and 14.
7
Suppose -4*s = 0, 3*s + 145 = -4*c + 789. Let n = -31 - -54. What is the greatest common factor of c and n?
23
Let d = 34 + -24. What is the highest common factor of 50 and d?
10
Let g(z) = 10*z + 5. Let r be g(6). Let w = 52 + -39. What is the greatest common divisor of r and w?
13
Suppose -2*s + 5 = -s. Let o be 19/s - 6/(-30). Let q(b) = 2*b**2 + 4*b - 4. Let y be q(-4). Calculate the greatest common divisor of y and o.
4
Suppose -3*t = -2*t - 9. Let w(n) = 9*n - 9. Let i be w(12). What is the highest common factor of i and t?
9
Let n = 10 + -2. Let h = -9 - -13. Suppose -8 = -p + 5*u, -u = h*p - 14 - 18. Calculate the highest common divisor of p and n.
8
Let r be -2*(-2)/16 + 117/12. Calculate the highest common divisor of r and 50.
10
Suppose a + 44 = 3*a. Let v = -3 - -1. Let u be 0/v + 3*11. What is the greatest common factor of u and a?
11
Suppose 40 = -0*j + 5*j. Let p = 91 + -3. Calculate the highest common factor of j and p.
8
Suppose -x = d + 3*x + 4, 0 = 4*x + 12. What is the highest common factor of d and 2?
2
Let o(j) = j**2 + 2*j - 10. Let p be o(-5). What is the greatest common factor of 1 and p?
1
Suppose 5*a = 113 + 27. Suppose -924 = -0*j - 3*j. Calculate the highest common factor of j and a.
28
Let r(u) = 9*u**2 - 4*u + 8. Let p be r(3). What is the greatest common divisor of p and 7?
7
Suppose -3*u = -4*x + 75, 0*x = 3*x + 3*u - 51. Calculate the highest common factor of 12 and x.
6
Let q(l) = 333*l**2. Let f be q(1). Calculate the highest common factor of f and 37.
37
Let a = 28 + 2. What is the greatest common divisor of 6 and a?
6
Suppose 2*p - y = -17, 22 = p - 4*p - 2*y. Let l be (68/p)/1*-2. What is the highest common factor of 119 and l?
17
Let q be (-1 - -1)*(-5)/(-10). Suppose 0 = 2*j - q*j - 8, 128 = 3*v + 2*j. Calculate the greatest common divisor of 5 and v.
5
Let m = -22 + 41. Let k = -251 - -403. What is the greatest common factor of k and m?
19
Suppose 0 = 3*g + 5*z - 70, g - 5 = -3*z + 13. What is the greatest common factor of 330 and g?
30
Let g(v) = v**3 - v**2 + 5. Let t be g(0). Let b = t - 4. Calculate the greatest common factor of 3 and b.
1
Suppose a + 2*a + 47 = 5*t, 14 = t + 4*a. Calculate the highest common factor of t and 90.
10
Let d be 979/4 + (-1)/(-4). Suppose -i - 4*i = -d. What is the greatest common factor of i and 7?
7
Let p be (2 - 3)*(0 - 0). Suppose 0 = -3*j - 5*d + 33, -2*j + 4*d - 2*d + 38 = p. Suppose 6 + 8 = 7*t. What is the highest common factor of j and t?
2
Let z = 16 + 47. Suppose -z = -i - 3*r, -21 = 3*i - 3*r - 162. Calculate the highest common divisor of i and 34.
17
Let w(g) = 2*g**2 - 2*g - 14. Let c be w(5). Calculate the greatest common divisor of 13 and c.
13
Let g = 4 - 5. Let v(i) = -28*i. Let z be v(g). Suppose 4*y - 150 = 2*y + 5*b, 4*y = -3*b + 274. Calculate the highest common divisor of z and y.
14
Let k be (-4)/6 - 398/(-3). Suppose -2*a + 0*a = 6, -2*j + 30 = -2*a. What is the highest common factor of j and k?
12
Let i be (-8 - -2)*(-1)/(-2). Let u be i/((-6)/70)*1. Suppose 0 = a + 2*m - 16, 13*m = 3*a + 18*m - 47. What is the greatest common divisor of a and u?
7
Let f(r) = -6*r + 2. Let s be f(-5). What is the greatest common divisor of 80 and s?
16
Let r be (2/(-8)*-2)/(4/152). What is the highest common factor of r and 171?
19
Let g(h) = 8*h - 75. Let y be g(15). Suppose -6*z = -4*z - 4*a - 48, 0 = 4*a + 12. Calculate the greatest common divisor of z and y.
9
Suppose 0 = 3*j + 2*j - 60. Let w = j - 10. Suppose w*a - 5 = -3. Calculate the highest common factor of a and 7.
1
Suppose -1 = -3*v + i, -v = v - 2*i + 2. Calculate the greatest common factor of 7 and v.
1
Suppose -7*z = 8 - 50. What is the highest common factor of z and 6?
6
Let j = 23 - -47. Calculate the highest common divisor of 28 and j.
14
Suppose -x - 2*x - 155 = -4*h, -h - 4*x = -15. Calculate the highest common divisor of 10 and h.
5
Suppose 5*a + 1 = -14. Let q be a - (-18 - (2 + 1)). Let r be (-6 - -2)*6/(-4). Calculate the greatest common factor of r and q.
6
Suppose 5*p - 16 = -r, -p - 8 = 4*r + 4. What is the highest common factor of p and 4?
4
Suppose 2 = i, 3*v - 4*i - 12 = -v. Calculate the highest common factor of v and 5.
5
Let r(j) = 3*j**2 - 7*j - 4. Let p be r(4). What is the highest common divisor of 8 and p?
8
Suppose -3*i - 9 = 0, 4*i + 0 = 4*h - 120. What is the greatest common factor of h and 3?
3
Let z(i) = -89*i**2 + 1. Let a be z(1). Let k be a/(-6)*6/4. Let r be (-1)/((-1)/(-1 - -56)). What is the highest common divisor of r and k?
11
Let d(q) = -q**3 + 8*q**2 - 6*q - 3. Let v be 14/(-4)*4/(-2). Let k be d(v). Let y = k - -5. What is the highest common factor of y and 81?
9
Suppose 7*z + 24 = 11*z. Calculate the highest common divisor of z and 150.
6
Let w(i) = 6*i**2 + 2*i - 7. Let z be w(5). Let t = -462 + 479. What is the highest common factor of t and z?
17
Let u = 11 - 5. Let q(s) = s**3 - 5*s**2 - 2*s + 6. Let o be q(u). Let y = -10 + 30. Calculate the highest common factor of o and y.
10
Suppose -5*g + 28 = -2*n - 0*n, 4*g + 4*n = 0. Suppose -42 + 203 = 3*p + z, 0 = -g*p - 2*z + 212. Calculate the greatest common divisor of 11 and p.
11
Let d(w) = -2*w**3 - 12*w**2 - 2*w + 7. Let l be d(-5). Let o = l - -60. Calculate the greatest common factor of o and 135.
27
Let j be 156/6*(-11)/(-2). Let a(c) = -c**3 - 5*c**2 + 3*c - 5. Let t be a(-6). What is the greatest common factor of t and j?
13
Let b be 2/6 + (-4)/(-6). Suppose -t + 4 = 3. What is the greatest common divisor of t and b?
1
Let w = 50 + -23. Calculate the greatest common factor of 18 and w.
9
Suppose -4*z + 200 = 4*k, -5*k + 0*k = 4*z - 200. Calculate the highest common divisor of z and 450.
50
Let u be 1*1/(-3)*(-96 + -9). Calculate the highest common divisor of 280 and u.
35
Let r(f) = f**2 + 6*f - 7. Let v be r(-11). Calculate the highest common factor of 6 and v.
6
Let z be (-2 - 3)/1*-9. Calculate the highest common divisor of z and 45.
45
Let j = 12 + -18. Let o be 34/10 + j/15. Suppose o*z = 16 + 5. Calculate the greatest common factor of 21 and z.
7
Suppose 191 = 3*w - 7. What is the highest common factor of 6 and w?
6
Let t = 10 - 1. Let p be 1 + t/3 + 9. Calculate the greatest common divisor of 91 and p.
13
Suppose -210 - 362 = -11*g. Calculate the greatest common divisor of g and 130.
26
Let z = 54 - 42. Calculate the highest common factor of 132 and z.
12
Suppose -2*y - y = 12. Let n = 4 + y. Suppose n = 2*f - 2 - 42. What is the greatest common divisor of 11 and f?
11
Suppose -m - 56 = g + 2*m, -4*m - 280 = 5*g. Let u = -72 + -40. Let o = g - u. Calculate the greatest common divisor of o and 14.
14
Suppose -9 = 3*w - 5*v, 4*w = -5*v - 0*v + 23. Suppose -w*p + 298 = 4*t, -3*t + 0*p = -2*p - 227. Calculate the greatest common factor of 25 and t.
25
Let g(d) = d - 8. Let u be g(8). Suppose u = -2*f + 7 + 1. What is the greatest common factor of 12 and f?
4
Suppose 0 = -4*v - 5*z + 93 - 15, -5*z + 10 = 0. Suppose 5*f - v - 38 = 0. Suppose 7*x - 3*x - 396 = 0. What is the highest common factor of x and f?
11
Suppose -2*g = -2*w + 16, 4*g = -3*w - 4 + 14. Suppose 5*r - 215 = -5*k, -3*r - 2*r - 3*k + 225 = 0. Calculate the highest common factor of r and w.
6
Suppose -10 = -3*f - 2*f. Let j be -3 + f + 3 + 9. Let p(o) = o**2 + 2*o + 44. Let s be p(0). Calculate the greatest common factor of j and s.
11
Let t(p) = -21*p + 7. Let s(g) = 62*g - 20. Let w(j) = -4*s(j) - 11*t(j). Let i be w(-6). Calculate the g